{"id":87,"date":"2016-11-17T14:16:03","date_gmt":"2016-11-17T13:16:03","guid":{"rendered":"http:\/\/tanzabenteuer.de\/wp\/?page_id=87"},"modified":"2016-11-17T17:32:36","modified_gmt":"2016-11-17T16:32:36","slug":"impressum","status":"publish","type":"page","link":"https:\/\/tanzabenteuer.de\/index.php\/impressum\/","title":{"rendered":"Impressum"},"content":{"rendered":"<p>Maria Joao Neno<br \/>\nBrahmstr.15<br \/>\n53121 Bonn<br \/>\nTelefon: 0228 &#8211; 360 273 70<br \/>\nMobil: 0157 351 383 40<br \/>\nEmail: <a href=\"mailto:mariajoaoneno@googlemail.com\" target=\"\" name=\"\">mariajoaoneno@googlemail.com<\/a><\/p>\n<h2><\/h2>\n<p>&nbsp;<\/p>\n<h3>Rechtliche Hinweise<\/h3>\n<p>Maria Joao Neno bem\u00fcht sich, auf dieser Website richtige und<br \/>\nvollst\u00e4ndige Informationen zur Verf\u00fcgung zu stellen.<br \/>\nSie \u00fcbernimmt jedoch keine Haftung oder Garantie f\u00fcr die<br \/>\nAktualit\u00e4t, Richtigkeit und Vollst\u00e4ndigkeit der bereitgestellten<br \/>\nInformationen. \u00c4nderungen bleiben vorbehalten.<\/p>\n<p>Der Inhalt dieser Website ist urheberrechtlich gesch\u00fctzt.<br \/>\nMaria Joao Neno\u00a0gew\u00e4hrt den Besuchern jedoch das Recht,<br \/>\nden auf dieser Website bereitgestellten Text ganz oder<br \/>\nausschnittsweise zu speichern. Dar\u00fcber hinaus ist jegliche<br \/>\nWeiterverwendung des Inhalts ohne schriftliche Genehmigung<br \/>\nvon Maria Joao Neno unzul\u00e4ssig.<\/p>\n","protected":false},"excerpt":{"rendered":"<p>Maria Joao Neno Brahmstr.15 53121 Bonn Telefon: 0228 &#8211; 360 273 70 Mobil: 0157 351 383 40 Email: mariajoaoneno@googlemail.com &nbsp; Rechtliche Hinweise Maria Joao Neno bem\u00fcht sich, auf dieser Website richtige und vollst\u00e4ndige Informationen zur Verf\u00fcgung zu stellen. Sie \u00fcbernimmt jedoch keine Haftung oder Garantie f\u00fcr die Aktualit\u00e4t, Richtigkeit und Vollst\u00e4ndigkeit der bereitgestellten Informationen. \u00c4nderungen [&hellip;]<\/p>\n","protected":false},"author":1,"featured_media":0,"parent":0,"menu_order":0,"comment_status":"closed","ping_status":"closed","template":"","meta":{"footnotes":""},"class_list":["post-87","page","type-page","status-publish","czr-hentry"],"_links":{"self":[{"href":"https:\/\/tanzabenteuer.de\/index.php\/wp-json\/wp\/v2\/pages\/87","targetHints":{"allow":["GET"]}}],"collection":[{"href":"https:\/\/tanzabenteuer.de\/index.php\/wp-json\/wp\/v2\/pages"}],"about":[{"href":"https:\/\/tanzabenteuer.de\/index.php\/wp-json\/wp\/v2\/types\/page"}],"author":[{"embeddable":true,"href":"https:\/\/tanzabenteuer.de\/index.php\/wp-json\/wp\/v2\/users\/1"}],"replies":[{"embeddable":true,"href":"https:\/\/tanzabenteuer.de\/index.php\/wp-json\/wp\/v2\/comments?post=87"}],"version-history":[{"count":3,"href":"https:\/\/tanzabenteuer.de\/index.php\/wp-json\/wp\/v2\/pages\/87\/revisions"}],"predecessor-version":[{"id":129,"href":"https:\/\/tanzabenteuer.de\/index.php\/wp-json\/wp\/v2\/pages\/87\/revisions\/129"}],"wp:attachment":[{"href":"https:\/\/tanzabenteuer.de\/index.php\/wp-json\/wp\/v2\/media?parent=87"}],"curies":[{"name":"wp","href":"https:\/\/api.w.org\/{rel}","templated":true}]}}